/(-12)) + -1 is divided by w.
1
Calculate the remainder when 37 is divided by -4*129/(-66) + 4/22.
5
Let k(u) = 6*u**2 + 5*u + 2. Calculate the remainder when 58 is divided by k(-2).
10
Let m be 2*(-2 + 2/(-4)). Let t = m + 10. Suppose n = -0*n + 4*j + 33, 0 = n - t*j - 33. What is the remainder when n is divided by 17?
16
Let k = 28 - -4. Suppose -o - k = -5*o. Calculate the remainder when o is divided by 3.
2
Suppose -2*d = -6*d - 3*t + 64, -3*d = -2*t - 31. Suppose 4*n = 2*n + 104. Let l = -27 + n. Calculate the remainder when l is divided by d.
12
Let m = 107 + -40. Let s(d) = -d**3 + 6*d**2 - d - 5. What is the remainder when m is divided by s(4)?
21
Let x = 184 + -122. Let z(w) = -12*w - 3. Calculate the remainder when x is divided by z(-2).
20
Let k(g) = 2*g**3 - g**2 + 1. Let s be k(1). Suppose -4*a + 42 = -s*a. What is the remainder when 82 is divided by a?
19
Suppose 0 = -4*n - 5 + 21. What is the remainder when 13 is divided by n?
1
Suppose -4*x + 4*r = 3*r - 10, x - 4*r + 5 = 0. Let m be 0 + ((-99)/x)/3. Let y = m + 30. Calculate the remainder when y is divided by 10.
9
Suppose -2*l - 6 = -5*l. Suppose -z - 7 = -l*z. Suppose 2*d = 3*d - z. What is the remainder when 19 is divided by d?
5
Suppose -3*i + 74 = -34. Calculate the remainder when 67 is divided by i.
31
Let w(x) = x**2 - 4*x + 5. What is the remainder when w(7) is divided by 2/7 - (-192)/14?
12
Let g = 5 - 3. Let q(u) = 2*u**2 + 2*u - 3. What is the remainder when -2*(-8 - 1) - 1 is divided by q(g)?
8
Let j = 188 - 81. Calculate the remainder when j is divided by 36.
35
What is the remainder when 11*(0 + (3 - 0)) is divided by 7?
5
Let c(k) = 5*k**2 - 5*k - 11. What is the remainder when 37 is divided by c(-2)?
18
Let q(u) be the first derivative of 7*u**4/4 + u**2 - u + 1. Let l(h) = -h**2 - 4*h + 6. Let g be l(-5). What is the remainder when q(g) is divided by 3?
2
Suppose -3*o + r + 101 = -8, 3*o - 5*r = 89. Calculate the remainder when o is divided by 8.
6
Let d(i) = 3*i**3 - 3*i**2 - 3*i - 2. Let v be d(-2). Let f = 60 + v. Calculate the remainder when f is divided by (22/4 - 4)*10.
13
Suppose -5*d = -d - 36. Let y = d - 0. Calculate the remainder when y is divided by 5.
4
Let w = -9 + 8. Let q(k) = -k**3 - 6*k**2 - 2*k - 5. Let t be q(-6). Let b = w + t. What is the remainder when 17 is divided by b?
5
Let i(b) = 11*b**2 - b. Let h = 4 + -3. Suppose -76 = -g - g. Calculate the remainder when g is divided by i(h).
8
Let g(y) = -3*y - 31. Calculate the remainder when g(-21) is divided by 9.
5
Let c = 8 - 4. Suppose -c*w + 23 + 29 = 0. What is the remainder when 38 is divided by w?
12
Let i(b) = b**2 + 2. Calculate the remainder when i(-2) is divided by 2.
0
Let m = -31 - -53. What is the remainder when m is divided by 8?
6
Suppose 0 = 5*j - 2*j. Suppose p - 3*q - q - 31 = 0, p + 2*q - 1 = j. What is the remainder when 21 is divided by p?
10
Calculate the remainder when 34 is divided by 1 + (-1 - 16)*-1.
16
Suppose 6*y - 34 + 4 = 0. What is the remainder when 12 is divided by y?
2
Let l(v) = 17*v**2 + 2. Let b be l(2). Suppose -2*s = -5*z + 75, 5*z = -s + 2*s + b. What is the remainder when z is divided by (-1 + 6/(-1))/(-1)?
6
Let g(u) = 2*u**2 - u + 84. Calculate the remainder when g(0) is divided by 17.
16
Let q(u) = u**3 + 6*u**2 - 8*u - 13. Let f = 29 + -68. Calculate the remainder when q(-3) is divided by (-4)/2*f/6.
12
Let h = 107 + -84. What is the remainder when 43 is divided by h?
20
Calculate the remainder when 104 is divided by 15/45*3*53.
51
Let o(f) = f**2 + 3*f - 1. Calculate the remainder when 160 is divided by o(4).
25
Let n = 63 + -24. What is the remainder when n is divided by 21?
18
Let v = 38 + -29. Suppose g = -4*q + 6*g - 3, -q = 3*g - 12. What is the remainder when v is divided by q?
0
Suppose 0 = 6*l - l - 80. Let x = 23 - l. Calculate the remainder when 27 is divided by x.
6
Let f be (-10)/(((-7)/6)/7). Suppose -27 = k + u + u, 3*k + f = u. Let x = k - -44. Calculate the remainder when 67 is divided by x.
21
Let i = 10 - -2. Let r(s) = 2*s**3 + s**2 - 2. Let a be r(2). Suppose 0 = 4*d - a - 114. What is the remainder when d is divided by i?
9
Suppose -w = -2*p + 260, 0*p - 5*w = -5*p + 660. What is the remainder when p is divided by 33?
29
Let m(f) = 2*f**2 - 13*f + 12. Let g be m(8). Calculate the remainder when (4/(-3))/((-2)/g) is divided by 9.
6
Suppose 0 = 5*f - 5. Let k be f/(-3) - (-338)/6. Suppose 5*q - k = 39. Calculate the remainder when 56 is divided by q.
18
Let y(f) = -f - 1. Let b be y(-4). Let n = -2 + b. What is the remainder when (n/2)/((-3)/(-234)) is divided by 20?
19
Suppose -9 = -6*j + 3*j + 3*p, -10 = -3*j + 2*p. Suppose -j*l = -8, -l - 2*l + 18 = m. Calculate the remainder when 47 is divided by m.
11
Suppose 0 = 3*b + 2*o - 88, -o + 2*o + 26 = b. Let f = -36 - -58. Let g = f - 7. Calculate the remainder when b is divided by g.
13
Let h be (-1)/(-4)*-1*-188. Let o = -18 + h. What is the remainder when o is divided by 10?
9
Let i = 56 - 45. Calculate the remainder when 109 is divided by i.
10
Let u(q) = q**3 - 2*q**2 + 5*q - 2. Suppose 71 = 4*m - 125. Let r = m - 32. Calculate the remainder when u(4) is divided by r.
16
Let u(o) = o**2 + 8*o + 9. Let y be u(-6). Suppose 70 = 21*s - 14*s. What is the remainder when s is divided by 11/3 + (-1)/y?
2
Let u(t) = -t**3 + 3*t + 4. Calculate the remainder when u(-3) is divided by 4.
2
Suppose 0 = 3*z + 4*t - 421, 4*z + 144 = 5*z + 5*t. Calculate the remainder when z is divided by 14.
13
Suppose 0 = 9*g - 322 - 56. What is the remainder when 206 is divided by g?
38
Let m(r) = r**3 + 6*r**2 + 3*r - 7. Let y be m(-5). Suppose c - 40 = -y*c. What is the remainder when c is divided by 6?
4
Let i(m) = -20*m + 82. Suppose -w - 3*r + 0*r = -6, 5*w = r + 62. Calculate the remainder when i(3) is divided by w.
10
Let o = -86 + 99. What is the remainder when 48 is divided by o?
9
Suppose 2*n - 10 = -3*s - 0*s, 0 = 2*n - 4. What is the remainder when 28 is divided by (0 - -45)*s/6?
13
Suppose 19 = -3*g + 88. Suppose -60 = 2*c - 3*c. Suppose 0 = j + 4*j - c. What is the remainder when g is divided by j?
11
Let l = -104 + 127. Calculate the remainder when 113 is divided by l.
21
Calculate the remainder when 46 is divided by ((-16)/6)/(4/(-24)).
14
Let d(b) = -b**3 + 3*b**2 + 12*b - 7. Let u(j) = -5*j - 3. What is the remainder when d(4) is divided by u(-2)?
4
What is the remainder when ((-483)/(-6) - -3)*2 is divided by 28?
27
Let v(g) = -2*g**3 + g. Suppose 5*m + 2 = -3. Let q be v(m). Let d(u) = 5*u**2 - u + 1. What is the remainder when 8 is divided by d(q)?
3
Let y be 0*((-2)/(-4) - 1). What is the remainder when 49 is divided by (-2)/(-4)*y + 17?
15
Let h = 4 - 3. Let d(b) = -b**2 - 4*b - 2. Let c be d(-3). Suppose 3*g + c = 4*g. Calculate the remainder when g is divided by h.
0
Let o = 38 + -27. Let p = 9 + -6. Calculate the remainder when o is divided by p.
2
Let s = -21 + 51. Let g be 2/3*-1*-3. Suppose -g*l = -l - 16. What is the remainder when s is divided by l?
14
Let x = -104 - -165. Suppose -4*r = -3*r - 21. Calculate the remainder when x is divided by r.
19
Let w = -10 - -14. Suppose w*j - 76 + 324 = 4*i, -4*j - 114 = -2*i. What is the remainder when i is divided by 23?
21
Let b = 39 + -27. Suppose 0 = 2*u - 18 - b. What is the remainder when (1/(-2))/((-1)/58) is divided by u?
14
Let u(d) = 39*d**3. Suppose 69 = 5*s - 1. Calculate the remainder when u(1) is divided by s.
11
Calculate the remainder when ((-136)/6)/(48/(-72)) is divided by 18.
16
Let q(f) = -f**3 - 14*f**2 + 11*f + 20. What is the remainder when q(-15) is divided by 21?
17
Suppose -5*s + s - 24 = 0. What is the remainder when s/(3/((-9)/6)) is divided by 1?
0
What is the remainder when -1*(1 + 0) - (-87 + 15) is divided by 36?
35
Suppose -2*t + 1 - 5 = n, 2*t = 3*n - 20. Calculate the remainder when 10 is divided by n.
2
Let s = 2 + 5. Let h = -1 + s. Calculate the remainder when 16 is divided by h.
4
Let b(g) = -2*g**3 - 6*g**2 + 1. Let n be (-76)/(-10) - (-4)/10. Suppose 0*k + 2*k + n = 0. What is the remainder when b(k) is divided by 12?
9
Let g(u) = 33*u - 2. Let y be ((-1)/3)/((-5)/30). Suppose 0 = -20*a + 17*a + 66. What is the remainder when g(y) is divided by a?
20
Let q = -5 + 1. What is the remainder 